{"id":1060,"date":"2018-06-11T19:31:38","date_gmt":"2018-06-11T19:31:38","guid":{"rendered":"http:\/\/www.itsco.edu.mx\/?page_id=1060"},"modified":"2021-04-01T23:15:37","modified_gmt":"2021-04-01T23:15:37","slug":"ley-general-de-transparencia-y-acceso-a-la-informacion-publica","status":"publish","type":"page","link":"https:\/\/www.itsco.edu.mx\/?page_id=1060","title":{"rendered":"Ley General de Transparencia y Acceso a la Informaci\u00f3n Publica para el Estado de Veracruz"},"content":{"rendered":"<div class=\"row\">\n<div align=\"center\"><strong>LEY GENERAL<\/strong><\/div>\n<div align=\"center\"><\/div>\n<h3><strong>Art\u00edculo 70.<\/strong><\/h3>\n<p>En la Ley Federal y de las Entidades Federativas se contemplar\u00e1 que los sujetos obligados pongan a disposici\u00f3n del p\u00fablico y mantengan actualizada, en los respectivos medios electr\u00f3nicos, de acuerdo con sus facultades, atribuciones, funciones u objeto social, seg\u00fan corresponda, la informaci\u00f3n, por lo menos, de los temas, documentos y pol\u00edticas que a continuaci\u00f3n se se\u00f1alan:<\/p>\n<hr \/>\n<p><span style=\"font-family: Ubuntu;\"><b>FRACCION I<\/b><\/span><\/p>\n<p><u><a href=\"https:\/\/www.itsco.edu.mx\/?page_id=2952\"><span style=\"font-family: Ubuntu;\">El marco normativo aplicable al sujeto obligado, en el que deber\u00e1 incluirse leyes, c\u00f3digos, reglamentos, decretos de creaci\u00f3n, manuales administrativos, reglas de operaci\u00f3n, criterios, pol\u00edticas, entre otros.<\/span><\/a><\/u><\/p>\n<p><strong>FRACCION II<\/strong><\/p>\n<\/div>\n<div class=\"row\">\n<p><u><a href=\"https:\/\/www.itsco.edu.mx\/?page_id=2967\"><span style=\"font-family: Ubuntu;\">La estructura org\u00e1nica completa, en un formato que permita vincular cada parte de la estructura, las atribuciones y responsabilidades que le corresponden a cada servidor p\u00fablico, prestador de servicios profesionales o miembro de los sujetos obligados, de conformidad con las disposiciones aplicables.<\/span><\/a><\/u><\/p>\n<p><strong>FRACCION III<\/strong><\/p>\n<p><u><a href=\"https:\/\/www.itsco.edu.mx\/?page_id=2980\"><span style=\"font-family: Ubuntu;\">Las facultades de cada \u00e1rea.<\/span><\/a><\/u><br \/>\n<strong><br \/>\nFRACCION IV<\/strong><\/p>\n<p><u><a href=\"https:\/\/www.itsco.edu.mx\/?page_id=2994\"><span style=\"font-family: Ubuntu; font-size: inherit;\">Las metas y objetivos de las \u00e1reas de conformidad con sus programas operativos.<\/span><\/a><\/u><\/p>\n<\/div>\n<p><strong>FRACCION V<\/strong><\/p>\n<p><u><a href=\"https:\/\/www.itsco.edu.mx\/?page_id=3003\"><span style=\"font-family: Ubuntu;\">Los indicadores relacionados con temas de inter\u00e9s p\u00fablico o trascendencia social que conforme a sus funciones, deban establecer.<\/span><\/a><\/u><\/p>\n<p><strong>FRACCION VI<\/strong><\/p>\n<p><u><a href=\"https:\/\/www.itsco.edu.mx\/?page_id=3022\"><span style=\"font-family: Ubuntu;\">Los indicadores que permitan rendir cuenta de sus objetivos y resultados.<\/span><\/a><\/u><\/p>\n<p><strong>FRACCION VII<\/strong><\/p>\n<p><u><a href=\"https:\/\/www.itsco.edu.mx\/?page_id=3037\"><span style=\"font-family: Ubuntu;\">El directorio de todos los servidores p\u00fablicos, a partir del nivel de jefe de departamento o su equivalente, o de menor nivel, cuando se brinde atenci\u00f3n al p\u00fablico; manejen o apliquen recursos p\u00fablicos; realicen actos de autoridad o presten servicios profesionales bajo el r\u00e9gimen de confianza u honorarios y personal de base.\u00a0<\/span><\/a><\/u><\/p>\n<p><strong>FRACCION VIII<\/strong><\/p>\n<p><u><a href=\"https:\/\/www.itsco.edu.mx\/?page_id=2864\"><span style=\"font-family: Ubuntu;\">La remuneraci\u00f3n bruta y neta de todos los servidores p\u00fablicos de base o de confianza, de todas las percepciones, incluyendo sueldos, prestaciones, gratificaciones, primas, comisiones, dietas, bonos, est\u00edmulos, ingresos y sistemas de compensaci\u00f3n, se\u00f1alando la periodicidad.<\/span><\/a><\/u><\/p>\n<p><strong>FRACCION IX.<\/strong><\/p>\n<p><u><span style=\"font-family: Ubuntu;\">Los gastos de representaci\u00f3n y vi\u00e1ticos, as\u00ed como el objeto e informe de comisi\u00f3n correspondiente.<\/span><\/u><\/p>\n<p><strong>FRACCION X<\/strong><\/p>\n<p><u><span style=\"font-family: Ubuntu;\">El n\u00famero total de las plazas y del personal de base y confianza, especificando el total de las vacantes, por nivel de puesto, para cada unidad administrativa.<\/span><\/u><\/p>\n<p><strong>FRACCION XI<\/strong><\/p>\n<p><u><span style=\"font-family: Ubuntu;\">Las contrataciones de servicios profesionales por honorarios, se\u00f1alando los nombres de los prestadores de servicios, los servicios contratados, el monto de los honorarios y el periodo de contrataci\u00f3n.<\/span><\/u><\/p>\n<p><strong>FRACCION XII<\/strong><\/p>\n<p><u><span style=\"font-family: Ubuntu;\">La informaci\u00f3n en versi\u00f3n p\u00fablica de las declaraciones patrimoniales de los Servidores P\u00fablicos que as\u00ed lo determinen, en los sistemas habilitados para ello, de acuerdo a la normatividad aplicable. <strong>NO APLICA.<\/strong><\/span><\/u><\/p>\n<p><strong>FRACCION XIII<\/strong><\/p>\n<p><u><a style=\"font-family: Ubuntu;\" href=\"https:\/\/www.itsco.edu.mx\/?page_id=3054\">El domicilio de la Unidad de Transparencia, adem\u00e1s de la direcci\u00f3n electr\u00f3nica donde podr\u00e1n recibirse las solicitudes para obtener la informaci\u00f3n.<\/a><\/u><\/p>\n<p><strong>FRACCION XIV<\/strong><\/p>\n<p><u><a href=\"https:\/\/www.itsco.edu.mx\/?page_id=3067\"><span style=\"font-family: Ubuntu;\">Las convocatorias a concursos para ocupar cargos p\u00fablicos y los resultados de los mismos.<\/span><\/a><\/u><\/p>\n<p><strong>FRACCION XV<\/strong><\/p>\n<p><u><span style=\"font-family: Ubuntu;\">La informaci\u00f3n de los programas de subsidios, est\u00edmulos y apoyos, en el que se deber\u00e1 informar respecto de los programas de transferencia, de servicios, de infraestructura social y de subsidio.<\/span> <strong>N<span style=\"font-family: Ubuntu;\">O APLICA<\/span><\/strong><\/u><\/p>\n<p><strong>FRACCION XVI<\/strong><\/p>\n<p><u><a href=\"https:\/\/www.itsco.edu.mx\/?page_id=3074\"><span style=\"font-family: Ubuntu;\">Las condiciones generales de trabajo, contratos o convenios que regulen las relaciones laborales del personal de base o de confianza, as\u00ed como los recursos p\u00fablicos econ\u00f3micos, en especie o donativos, que sean entregados a los sindicatos y ejerzan como recursos p\u00fablicos.<\/span><\/a><\/u><\/p>\n<p><strong>FRACCION XVII<\/strong><\/p>\n<p><u><span style=\"font-family: Ubuntu;\"> La informaci\u00f3n curricular, desde el nivel de jefe de departamento o equivalente, hasta el titular del sujeto obligado, as\u00ed como, en su caso, las sanciones administrativas de que haya sido objeto.<\/span><\/u><\/p>\n<p><strong>FRACCION XVIII<\/strong><\/p>\n<p><u><a href=\"https:\/\/www.itsco.edu.mx\/?page_id=3091\"><span style=\"font-family: Ubuntu;\"> El listado de servidores p\u00fablicos con sanciones administrativas definitivas, especificando la causa de sanci\u00f3n y la disposici\u00f3n.<\/span><\/a><\/u><\/p>\n<p><strong>FRACCION XIX<\/strong><\/p>\n<p><u><a href=\"https:\/\/www.itsco.edu.mx\/?page_id=3111\"><u><span style=\"font-family: Ubuntu;\">Los servicios que ofrecen se\u00f1alando los requisitos para acceder a ellos.<\/span><\/u><\/a><\/u><\/p>\n<p><strong>FRACCION XX<\/strong><\/p>\n<p><u><a href=\"https:\/\/www.itsco.edu.mx\/?page_id=3117\"><u><span style=\"font-family: Ubuntu;\">Los tr\u00e1mites, requisitos y formatos que ofrecen.<\/span><\/u><\/a><\/u><\/p>\n<p><strong>FRACCION XXI<\/strong><\/p>\n<p><u><span style=\"font-family: Ubuntu;\">La informaci\u00f3n financiera sobre el presupuesto asignado, as\u00ed como los informes del ejercicio trimestral del gasto, en t\u00e9rminos de la normatividad aplicable.<\/span><\/u><\/p>\n<p><strong>FRACCION XXII<\/strong><\/p>\n<p><u><span style=\"font-family: Ubuntu;\">La informaci\u00f3n relativa a la deuda p\u00fablica, en t\u00e9rminos de la normatividad aplicable. <strong>NO APLICA.<\/strong><\/span><\/u><\/p>\n<p><strong>FRACCION XXIII<\/strong><\/p>\n<p><u>Los montos destinados a gastos relativos a comunicacion social y publicidad oficial desglosada por tipo de medio, proveedores, numero de contrato y concepto o campa\u00f1a. <span style=\"font-family: Ubuntu;\"><strong>NO APLICA.<\/strong><\/span><\/u><\/p>\n<p><strong>FRACCION XXIV<\/strong><\/p>\n<p><u><span style=\"font-family: Ubuntu;\">Los informes de resultados de las auditorias al ejercicio presupuestal de cada sujeto obligado que se realicen y, en su caso, las aclaraciones que correspondan.\u00a0<\/span><\/u><\/p>\n<p><strong>FRACCION XXV<\/strong><\/p>\n<p><u><span style=\"font-family: Ubuntu;\">El resultado de la dictaminaci\u00f3n de los estados financieros.<\/span><\/u><\/p>\n<p><strong>FRACCION XXVI<\/strong><\/p>\n<p style=\"text-align: left;\"><span style=\"font-family: Ubuntu;\">Los montos, criterios, convocatorias y listado de personas f\u00edsicas o morales a quienes, por cualquier motivo, se les asignen o permita usar recursos p\u00fablicos o, en los t\u00e9rminos de las disposiciones aplicables, realicen actos de autoridad. Asimismo, los informes que dichas personas les entreguen sobre el uso y destino de dichos recursos. <strong>NO APLICA.<\/strong><\/span><\/p>\n<p><strong>FRACCION XXVII<\/strong><\/p>\n<p><a href=\"https:\/\/www.itsco.edu.mx\/?page_id=3147\"><u><span style=\"font-family: Ubuntu;\">Las concesiones, contratos, convenios, permisos, licencias o autorizaciones otorgados, especificando los titulares de aqu\u00e9llos, debiendo publicarse su objeto, nombre o raz\u00f3n social del titular, vigencia, tipo, t\u00e9rminos, condiciones, monto y modificaciones, as\u00ed como si el procedimiento involucra el aprovechamiento de bienes, servicios y\/o recursos p\u00fablicos.<\/span><\/u><\/a><\/p>\n<p><strong>FRACCION XXVIII<\/strong><\/p>\n<p><a href=\"https:\/\/www.itsco.edu.mx\/?page_id=3154\"><u>La informacion sobre los resultados sobre procedimientos de adjudicacion directa, invitacion restringida y licitacion de cualquier naturaleza, incluyendo la version publica del expediente respectivo y de los contratos celebrados.<\/u><\/a><\/p>\n<p><strong>FRACCION XXIX<\/strong><\/p>\n<p><a href=\"https:\/\/www.itsco.edu.mx\/?page_id=3132\"><u><span style=\"font-family: Ubuntu;\">Los informes que por disposici\u00f3n legal generen los sujetos obligados.<\/span><\/u><\/a><\/p>\n<p><strong>FRACCION XXX<\/strong><\/p>\n<p><a href=\"https:\/\/www.itsco.edu.mx\/?page_id=3160\"><u><span style=\"font-family: Ubuntu;\">Las estad\u00edsticas que generen en cumplimiento de sus facultades, competencias o funciones con la mayor desagregaci\u00f3n posible.<\/span><\/u><\/a><\/p>\n<p><strong>FRACCION XXXI<\/strong><\/p>\n<p><u><span style=\"font-family: Ubuntu;\">Informe de avances program\u00e1ticos o presupuestales, balances generales y su estado financiero.<\/span><\/u><\/p>\n<p><strong>FRACCION XXXII<\/strong><\/p>\n<p><u><span style=\"font-family: Ubuntu;\">Padr\u00f3n de proveedores y contratistas.<\/span><\/u><\/p>\n<p><strong>FRACCION XXXIII<\/strong><\/p>\n<p><a href=\"https:\/\/www.itsco.edu.mx\/wp-content\/uploads\/2021\/04\/LTAIPV33N.xlsx\"><u><span style=\"font-family: Ubuntu;\">Los convenios de coordinaci\u00f3n de concertaci\u00f3n con los sectores social y privado.<\/span><\/u><\/a><\/p>\n<p><strong>FRACCION XXXIV<\/strong><\/p>\n<p>El inventario de bienes muebles e inmuebles en posesion y propiedad.<\/p>\n<p><strong>FRACCION XXXV<\/strong><\/p>\n<p><span style=\"font-family: Ubuntu;\">Las recomendaciones emitidas por los \u00f3rganos p\u00fablicos del Estado mexicano u organismos internacionales garantes de los derechos humanos, as\u00ed como las acciones que han llevado a cabo para su atenci\u00f3n.<\/span><\/p>\n<p><strong>FRACCION XXXVI<\/strong><\/p>\n<p><span style=\"font-family: Ubuntu;\">Las resoluciones y laudos que se emitan en procesos o procedimientos seguidos en forma de juicio.<\/span><\/p>\n<p><strong>FRACCION XXXVII<\/strong><\/p>\n<p><span style=\"font-family: Ubuntu;\">Los mecanismos de participaci\u00f3n ciudadana.<\/span><\/p>\n<p><strong>FRACCION XXXVIII<\/strong><\/p>\n<p><span style=\"font-family: Ubuntu;\">Los programas que ofrecen, incluyendo informaci\u00f3n sobre la poblaci\u00f3n, objetivo y destino, as\u00ed como los tr\u00e1mites, tiempos de respuesta, requisitos y formatos para acceder a los mismos.<\/span><\/p>\n<p><strong>FRACCION XXXIX<\/strong><\/p>\n<p><span style=\"font-family: Ubuntu;\">Las actas, acuerdos y resoluciones del Comit\u00e9 de los sujetos obligados, as\u00ed como de sus \u00f3rganos de gobierno, asambleas, consejos, plenos o sus equivalentes y, en su caso comisiones, comit\u00e9s o subcomit\u00e9s, seg\u00fan corresponda.<\/span><\/p>\n<p><strong>FRACCION XL<\/strong><\/p>\n<p><span style=\"font-family: Ubuntu;\">Todas las evaluaciones y encuestas que hagan los sujetos obligados a programas financiados con recursos p\u00fablicos. <strong>NO APLICA<\/strong>.<\/span><\/p>\n<p><strong>FRACCION XLI<\/strong><\/p>\n<p><span style=\"font-family: Ubuntu;\">Los estudios financiados con recursos p\u00fablicos.<\/span><\/p>\n<p><strong>FRACCION XLII<\/strong><\/p>\n<p><span style=\"font-family: Ubuntu;\">El listado de jubilados y pensionados y el monto que reciben. <strong>NO APLICA.<\/strong><\/span><\/p>\n<p><strong>FRACCION XLIII<\/strong><\/p>\n<p><span style=\"font-family: Ubuntu;\">Los ingresos recibidos por cualquier concepto se\u00f1alando el nombre de los responsables de recibirlos, administrarlos y ejercerlos, as\u00ed como su destino, indicando el destino de cada uno de ellos.<\/span><\/p>\n<p><strong>FRACCION XLIV<\/strong><\/p>\n<p><span style=\"font-family: Ubuntu;\">Donaciones hechas a terceros en dinero o en especie.<\/span><\/p>\n<p><strong>FRACCION XLV<\/strong><\/p>\n<p><span style=\"font-family: Ubuntu;\">El cat\u00e1logo de disposici\u00f3n y gu\u00eda de archivo documental.<\/span><\/p>\n<p><strong>FRACCION XLVI<\/strong><\/p>\n<p><span style=\"font-family: Ubuntu;\">Las actas de sesiones ordinarias y extraordinarias, as\u00ed como las opiniones y recomendaciones que emitan, en su caso, los consejos consultivos.<\/span><\/p>\n<p><strong>FRACCION XLVII<\/strong><\/p>\n<p><span style=\"font-family: Ubuntu;\">Para efectos estad\u00edsticos, el listado de solicitudes a las empresas concesionarias de telecomunicaciones y proveedores de servicios o aplicaciones de Internet para la intervenci\u00f3n de comunicaciones privadas, el acceso al registro de comunicaciones y la localizaci\u00f3n geogr\u00e1fica en tiempo real de equipos de comunicaci\u00f3n, que contenga exclusivamente el objeto, el alcance temporal y los fundamentos legales del requerimiento, as\u00ed como, en su caso, la menci\u00f3n de que cuenta con la autorizaci\u00f3n judicial correspondiente. <strong>NO APLICA<\/strong><\/span><\/p>\n<p><strong>FRACCION XLVIII<\/strong><\/p>\n<p><span style=\"font-family: Ubuntu;\">Cualquier otra informaci\u00f3n que sea de utilidad o se considere relevante, adem\u00e1s de la que, con base en la informaci\u00f3n estad\u00edstica, responda a las preguntas hechas con m\u00e1s frecuencia por el p\u00fablico:<\/span><\/p>\n","protected":false},"excerpt":{"rendered":"<p>LEY GENERAL Art\u00edculo 70. En la Ley Federal y de las Entidades Federativas se contemplar\u00e1 que los sujetos obligados pongan &hellip; <\/p>\n","protected":false},"author":1,"featured_media":0,"parent":0,"menu_order":0,"comment_status":"closed","ping_status":"closed","template":"","meta":{"footnotes":""},"class_list":["post-1060","page","type-page","status-publish","hentry"],"_links":{"self":[{"href":"https:\/\/www.itsco.edu.mx\/index.php?rest_route=\/wp\/v2\/pages\/1060","targetHints":{"allow":["GET"]}}],"collection":[{"href":"https:\/\/www.itsco.edu.mx\/index.php?rest_route=\/wp\/v2\/pages"}],"about":[{"href":"https:\/\/www.itsco.edu.mx\/index.php?rest_route=\/wp\/v2\/types\/page"}],"author":[{"embeddable":true,"href":"https:\/\/www.itsco.edu.mx\/index.php?rest_route=\/wp\/v2\/users\/1"}],"replies":[{"embeddable":true,"href":"https:\/\/www.itsco.edu.mx\/index.php?rest_route=%2Fwp%2Fv2%2Fcomments&post=1060"}],"version-history":[{"count":93,"href":"https:\/\/www.itsco.edu.mx\/index.php?rest_route=\/wp\/v2\/pages\/1060\/revisions"}],"predecessor-version":[{"id":3174,"href":"https:\/\/www.itsco.edu.mx\/index.php?rest_route=\/wp\/v2\/pages\/1060\/revisions\/3174"}],"wp:attachment":[{"href":"https:\/\/www.itsco.edu.mx\/index.php?rest_route=%2Fwp%2Fv2%2Fmedia&parent=1060"}],"curies":[{"name":"wp","href":"https:\/\/api.w.org\/{rel}","templated":true}]}}