{"id":168,"date":"2017-08-23T20:36:42","date_gmt":"2017-08-23T20:36:42","guid":{"rendered":"http:\/\/itsco.edu.mx\/?page_id=168"},"modified":"2025-02-23T00:24:27","modified_gmt":"2025-02-23T00:24:27","slug":"contador","status":"publish","type":"page","link":"https:\/\/www.itsco.edu.mx\/?page_id=168","title":{"rendered":"Contador P\u00fablico"},"content":{"rendered":"<div id=\"pl-168\"  class=\"panel-layout\" >\n<div id=\"pg-168-0\"  class=\"panel-grid panel-no-style\"  data-style=\"{&quot;background_image_attachment&quot;:false,&quot;background_display&quot;:&quot;tile&quot;,&quot;full_height&quot;:&quot;&quot;,&quot;cell_alignment&quot;:&quot;flex-start&quot;}\" >\n<div id=\"pgc-168-0-0\"  class=\"panel-grid-cell\"  data-weight=\"0.70013216817428\" >\n<div id=\"panel-168-0-0-0\" class=\"so-panel widget widget_sow-editor panel-first-child panel-last-child\" data-index=\"0\" data-style=\"{&quot;background_image_attachment&quot;:false,&quot;background_display&quot;:&quot;tile&quot;}\" >\n<div\n\t\t\t\n\t\t\tclass=\"so-widget-sow-editor so-widget-sow-editor-base\"\n\t\t\t\n\t\t><\/p>\n<div class=\"siteorigin-widget-tinymce textwidget\">\n<p><img loading=\"lazy\" decoding=\"async\" class=\"size-large wp-image-3819\" src=\"https:\/\/www.itsco.edu.mx\/wp-content\/uploads\/2022\/05\/banner_Conta-1024x384.jpg\" alt=\"\" width=\"640\" height=\"240\" srcset=\"https:\/\/www.itsco.edu.mx\/wp-content\/uploads\/2022\/05\/banner_Conta-1024x384.jpg 1024w, https:\/\/www.itsco.edu.mx\/wp-content\/uploads\/2022\/05\/banner_Conta-300x113.jpg 300w, https:\/\/www.itsco.edu.mx\/wp-content\/uploads\/2022\/05\/banner_Conta-768x288.jpg 768w, https:\/\/www.itsco.edu.mx\/wp-content\/uploads\/2022\/05\/banner_Conta-1536x576.jpg 1536w, https:\/\/www.itsco.edu.mx\/wp-content\/uploads\/2022\/05\/banner_Conta.jpg 1600w\" sizes=\"auto, (max-width: 640px) 100vw, 640px\" \/><\/p>\n<p>&nbsp;<\/p>\n<p style=\"text-align: justify;\"><strong>COPU-2010-205<\/strong><\/p>\n<p style=\"text-align: justify;\"><strong>\u00a0<\/strong><\/p>\n<p style=\"text-align: justify;\"><strong>Objetivo General<\/strong><\/p>\n<p style=\"text-align: justify;\">Formar profesionales competitivos, capaces de dise\u00f1ar, establecer, aplicar, controlar y evaluar sistemas de informaci\u00f3n financiera, administrativa y fiscal, dentro del marco legal vigente para la toma de decisiones de las entidades econ\u00f3micas nacionales e internacionales, con una actitud \u00e9tica, cr\u00edtica, emprendedora y de liderazgo, a trav\u00e9s de la investigaci\u00f3n y el uso de la tecnolog\u00eda de la informaci\u00f3n y comunicaciones, fomentando el desarrollo sustentable.<\/p>\n<p style=\"text-align: left;\"><strong>\u00a0<\/strong><\/p>\n<p style=\"text-align: left;\"><strong>Especialidad de Fiscal<\/strong><\/p>\n<p style=\"text-align: left;\"><strong>\u00a0<\/strong><\/p>\n<table class=\" alignleft\" width=\"593\">\n<tbody>\n<tr>\n<td width=\"366\"><strong>\u00a0<\/strong><br \/>\n<strong>Asignatura de la Especialidad<\/strong><\/td>\n<td width=\"151\"><strong>\u00a0<\/strong><br \/>\n<strong>Clave de Asignatura<\/strong><\/td>\n<td width=\"76\"><strong>\u00a0<\/strong><br \/>\n<strong>Cr\u00e9ditos<\/strong><\/td>\n<\/tr>\n<tr>\n<td width=\"366\">C\u00d3DIGO FISCAL DE LA FEDERACI\u00d3N<\/td>\n<td width=\"151\">FIC-2101<\/td>\n<td width=\"76\">2-2-4<\/td>\n<\/tr>\n<tr>\n<td width=\"366\">IMPUESTO INTERNACIONAL Y PLANEACI\u00d3N FISCAL<\/td>\n<td width=\"151\">FIC-2102<\/td>\n<td width=\"76\">2-2-4<\/td>\n<\/tr>\n<tr>\n<td width=\"366\">TALLER DE IMPUESTOS INDIRECTOS<\/td>\n<td width=\"151\">FID-2103<\/td>\n<td width=\"76\">2-3-5<\/td>\n<\/tr>\n<tr>\n<td width=\"366\">TALLER DE ISR PERSONAS F\u00cdSICAS Y PERSONAS MORALES<\/td>\n<td width=\"151\">FIM-2104<\/td>\n<td width=\"76\">2-4-6<\/td>\n<\/tr>\n<tr>\n<td width=\"366\">TALLER DE NOMINAS<\/td>\n<td width=\"151\">FIM-2105<\/td>\n<td width=\"76\">2-4-6<\/td>\n<\/tr>\n<\/tbody>\n<\/table>\n<p style=\"text-align: left;\"><strong>\u00a0<\/strong><\/p>\n<p style=\"text-align: left;\"><strong>\u00a0<\/strong><\/p>\n<p style=\"text-align: left;\"><strong>\u00a0<\/strong><\/p>\n<p style=\"text-align: left;\"><strong>Perfil de Egreso<\/strong><\/p>\n<p style=\"text-align: left;\"><strong>\u00a0<\/strong><\/p>\n<ol style=\"text-align: justify;\">\n<li>Dise\u00f1a, implanta, controla, eval\u00faa, asesorara e innova sistemas de informaci\u00f3n financiera, administrativa, fiscal y de auditor\u00eda en entidades econ\u00f3micas para la generaci\u00f3n, an\u00e1lisis de informaci\u00f3n financiera con apego a las Normas de Informaci\u00f3n Financiera, nacionales e internacionales y la toma de decisiones.<\/li>\n<li>Audita sistemas financieros, fiscales y administrativos de las entidades econ\u00f3micas con apego a las Normas Internacionales de Auditoria vigentes para la emisi\u00f3n de un dictamen.<\/li>\n<li>Aplica el marco legal y pertinente a las caracter\u00edsticas y necesidades de la entidad econ\u00f3mica dentro del campo profesional para el cumplimiento de las disposiciones vigentes.<\/li>\n<li>Administra estrat\u00e9gicamente los recursos de las entidades econ\u00f3micas para el cumplimiento de sus objetivos.<\/li>\n<li>Aplica en el ejercicio profesional el c\u00f3digo de \u00e9tica del contador p\u00fablico vigente para enaltecer a la profesi\u00f3n.<\/li>\n<li>Utiliza las tecnolog\u00edas de informaci\u00f3n y comunicaci\u00f3n para eficientar los procesos y la toma de decisiones.<\/li>\n<li>Desarrolla investigaci\u00f3n asumiendo una actitud de liderazgo, compromiso y servicio con su entorno social, para su difusi\u00f3n.<\/li>\n<li>Elabora y eval\u00faa proyectos de inversi\u00f3n de acuerdo a las caracter\u00edsticas y necesidades del entorno para la generaci\u00f3n de entidades econ\u00f3micas con actitud de liderazgo y compromiso con el medio ambiente.<\/li>\n<li>Trabaja en equipos multidisciplinarios para el logro de los resultados de las entidades con un sentido de responsabilidad social y visi\u00f3n integradora.<\/li>\n<li>Propone estrategias de mercadotecnia que permitan alcanzar los objetivos de las entidades econ\u00f3micas.<\/li>\n<li>Aplica m\u00e9todos de an\u00e1lisis de informaci\u00f3n financiera para determinar las mejores alternativas de inversi\u00f3n y financiamiento.<\/li>\n<\/ol>\n<p style=\"text-align: left;\"><strong>Campo Laboral<\/strong><\/p>\n<ul>\n<li style=\"text-align: justify;\">Empresas p\u00fablicas, efectuando dise\u00f1o, operaci\u00f3n e interpretaci\u00f3n de los sistemas de informaci\u00f3n contable.<\/li>\n<li style=\"text-align: justify;\">Empresas de consultor\u00eda y auditor\u00eda, en las \u00e1reas de administraci\u00f3n de impuestos, procedimiento tributario y contabilidad.<\/li>\n<li style=\"text-align: justify;\">Despachos contables.<\/li>\n<li style=\"text-align: justify;\">Empresa propia y como consultor independiente.<\/li>\n<\/ul>\n<\/div>\n<\/div>\n<\/div>\n<\/div>\n<div id=\"pgc-168-0-1\"  class=\"panel-grid-cell\"  data-weight=\"0.29986783182572\" >\n<div id=\"panel-168-0-1-0\" class=\"so-panel widget widget_text panel-first-child\" data-index=\"1\" data-style=\"{&quot;background_image_attachment&quot;:false,&quot;background_display&quot;:&quot;tile&quot;}\" >\n<h3 class=\"widget-title\">Ret\u00edcula Contador P\u00fablico<\/h3>\n<div class=\"textwidget\">\n<p><a href=\"https:\/\/www.itsco.edu.mx\/wp-content\/uploads\/2022\/04\/Reticula-Contador-Publico.pdf\">Descargar<\/a><\/p>\n<\/div><\/div>\n<div id=\"panel-168-0-1-1\" class=\"so-panel widget widget_custom_html panel-last-child\" data-index=\"2\" data-style=\"{&quot;background_image_attachment&quot;:false,&quot;background_display&quot;:&quot;tile&quot;}\" >[siteorigin_widget class=\u00bbWP_Widget_Custom_HTML\u00bb]<input type=\"hidden\" value=\"{&quot;instance&quot;:{&quot;title&quot;:&quot;Contacto&quot;,&quot;content&quot;:&quot;&lt;div id=\\&quot;headera\\&quot;&gt;\\n&lt;ul class=\\&quot;nava\\&quot;&gt;\\n&lt;li&gt;&lt;a href=\\&quot;http:\\\/\\\/www.itsco.edu.mx\\\/?page_id=708\\&quot;&gt;Contacta a tu jefe &lt;br \\\/&gt; de carrera &lt;\\\/a&gt;&lt;\\\/li&gt;\\n\\n&lt;\\\/ul&gt;\\n&lt;\\\/div&gt;&quot;,&quot;so_sidebar_emulator_id&quot;:&quot;custom_html-16810002&quot;,&quot;option_name&quot;:&quot;widget_custom_html&quot;},&quot;args&quot;:{&quot;before_widget&quot;:&quot;&lt;div id=\\&quot;panel-168-0-1-1\\&quot; class=\\&quot;so-panel widget widget_custom_html panel-last-child\\&quot; data-index=\\&quot;2\\&quot; data-style=\\&quot;{&amp;quot;background_image_attachment&amp;quot;:false,&amp;quot;background_display&amp;quot;:&amp;quot;tile&amp;quot;}\\&quot; &gt;&quot;,&quot;after_widget&quot;:&quot;&lt;\\\/div&gt;&quot;,&quot;before_title&quot;:&quot;&lt;h3 class=\\&quot;widget-title\\&quot;&gt;&quot;,&quot;after_title&quot;:&quot;&lt;\\\/h3&gt;&quot;,&quot;widget_id&quot;:&quot;widget-0-1-1&quot;}}\" \/>[\/siteorigin_widget]<\/div>\n<\/div>\n<\/div>\n<div id=\"pg-168-1\"  class=\"panel-grid panel-no-style\"  data-style=\"{&quot;background_image_attachment&quot;:false,&quot;background_display&quot;:&quot;tile&quot;,&quot;full_height&quot;:&quot;&quot;,&quot;cell_alignment&quot;:&quot;flex-start&quot;}\" >\n<div id=\"pgc-168-1-0\"  class=\"panel-grid-cell\"  data-weight=\"0.33254264357541\" >\n<div id=\"panel-168-1-0-0\" class=\"so-panel widget widget_text panel-first-child panel-last-child\" data-index=\"3\" data-style=\"{&quot;background_image_attachment&quot;:false,&quot;background_display&quot;:&quot;tile&quot;}\" >\n<div class=\"textwidget\">\n<p><img loading=\"lazy\" decoding=\"async\" class=\"alignnone size-large wp-image-3822\" src=\"https:\/\/www.itsco.edu.mx\/wp-content\/uploads\/2022\/05\/WhatsApp-Image-2022-04-07-at-1.07.43-PM.jpeg\" alt=\"\" width=\"640\" height=\"479\" \/><\/p>\n<\/div><\/div>\n<\/div>\n<div id=\"pgc-168-1-1\"  class=\"panel-grid-cell\"  data-weight=\"0.3335592440334\" >\n<div id=\"panel-168-1-1-0\" class=\"so-panel widget widget_text panel-first-child\" data-index=\"4\" data-style=\"{&quot;background_image_attachment&quot;:false,&quot;background_display&quot;:&quot;tile&quot;}\" >\n<div class=\"textwidget\">\n<p><img loading=\"lazy\" decoding=\"async\" class=\"alignnone size-large wp-image-3824\" src=\"https:\/\/www.itsco.edu.mx\/wp-content\/uploads\/2022\/05\/20220223_112351-1024x768.jpg\" alt=\"\" width=\"640\" height=\"480\" srcset=\"https:\/\/www.itsco.edu.mx\/wp-content\/uploads\/2022\/05\/20220223_112351-1024x768.jpg 1024w, https:\/\/www.itsco.edu.mx\/wp-content\/uploads\/2022\/05\/20220223_112351-300x225.jpg 300w, https:\/\/www.itsco.edu.mx\/wp-content\/uploads\/2022\/05\/20220223_112351-768x576.jpg 768w, https:\/\/www.itsco.edu.mx\/wp-content\/uploads\/2022\/05\/20220223_112351-136x102.jpg 136w, https:\/\/www.itsco.edu.mx\/wp-content\/uploads\/2022\/05\/20220223_112351.jpg 1387w\" sizes=\"auto, (max-width: 640px) 100vw, 640px\" \/><\/p>\n<\/div><\/div>\n<div id=\"panel-168-1-1-1\" class=\"so-panel widget widget_text panel-last-child\" data-index=\"5\" data-style=\"{&quot;background_image_attachment&quot;:false,&quot;background_display&quot;:&quot;tile&quot;,&quot;background_image_size&quot;:&quot;full&quot;,&quot;background_image_opacity&quot;:&quot;100&quot;,&quot;border_thickness&quot;:&quot;1px&quot;}\" >\n<div class=\"textwidget\"><\/div>\n<\/p><\/div>\n<\/div>\n<div id=\"pgc-168-1-2\"  class=\"panel-grid-cell\"  data-weight=\"0.33389811239119\" >\n<div id=\"panel-168-1-2-0\" class=\"so-panel widget widget_text panel-first-child panel-last-child\" data-index=\"6\" data-style=\"{&quot;background_image_attachment&quot;:false,&quot;background_display&quot;:&quot;tile&quot;}\" >\n<div class=\"textwidget\">\n<p><img loading=\"lazy\" decoding=\"async\" class=\"alignnone size-large wp-image-3820\" src=\"https:\/\/www.itsco.edu.mx\/wp-content\/uploads\/2022\/05\/IMG-20220405-WA0104-1024x768.jpg\" alt=\"\" width=\"640\" height=\"480\" srcset=\"https:\/\/www.itsco.edu.mx\/wp-content\/uploads\/2022\/05\/IMG-20220405-WA0104-1024x768.jpg 1024w, https:\/\/www.itsco.edu.mx\/wp-content\/uploads\/2022\/05\/IMG-20220405-WA0104-300x225.jpg 300w, https:\/\/www.itsco.edu.mx\/wp-content\/uploads\/2022\/05\/IMG-20220405-WA0104-768x576.jpg 768w, https:\/\/www.itsco.edu.mx\/wp-content\/uploads\/2022\/05\/IMG-20220405-WA0104-136x102.jpg 136w, https:\/\/www.itsco.edu.mx\/wp-content\/uploads\/2022\/05\/IMG-20220405-WA0104.jpg 1392w\" sizes=\"auto, (max-width: 640px) 100vw, 640px\" \/><\/p>\n<\/div><\/div>\n<\/div>\n<\/div>\n<\/div>\n<style type=\"text\/css\" class=\"panels-style\" data-panels-style-for-post=\"168\">@import url(https:\/\/www.itsco.edu.mx\/wp-content\/plugins\/siteorigin-panels\/css\/front-flex.min.css); #pgc-168-0-0 { width:70.0132%;width:calc(70.0132% - ( 0.29986783182572 * 30px ) ) } #pgc-168-0-1 { width:29.9868%;width:calc(29.9868% - ( 0.70013216817428 * 30px ) ) } #pg-168-0 , #pl-168 .so-panel { margin-bottom:30px } #pgc-168-1-0 { width:33.2543%;width:calc(33.2543% - ( 0.66745735642459 * 30px ) ) } #pgc-168-1-1 { width:33.3559%;width:calc(33.3559% - ( 0.6664407559666 * 30px ) ) } #pgc-168-1-2 { width:33.3898%;width:calc(33.3898% - ( 0.66610188760881 * 30px ) ) } #pl-168 .so-panel:last-of-type { margin-bottom:0px } #pg-168-0.panel-has-style > .panel-row-style, #pg-168-0.panel-no-style , #pg-168-1.panel-has-style > .panel-row-style, #pg-168-1.panel-no-style { -webkit-align-items:flex-start;align-items:flex-start } @media (max-width:1024px) and (min-width:781px) { #pg-168-1.panel-no-style, #pg-168-1.panel-has-style > .panel-row-style { -ms-flex-wrap:wrap;-webkit-flex-wrap:wrap;flex-wrap:wrap } #pg-168-1 > .panel-grid-cell , #pg-168-1 > .panel-row-style > .panel-grid-cell { -ms-flex:0 1 50%;-webkit-flex:0 1 50%;flex:0 1 50%;margin-right:0;margin-bottom:30px } #pg-168-1 > .panel-grid-cell , #pg-168-1 > .panel-row-style > .panel-grid-cell:nth-child(even) { padding-left:15px } #pg-168-1 > .panel-grid-cell , #pg-168-1 > .panel-row-style > .panel-grid-cell:nth-child(odd) { padding-right:15px }  } @media (max-width:780px){ #pg-168-0.panel-no-style, #pg-168-0.panel-has-style > .panel-row-style, #pg-168-0 , #pg-168-1.panel-no-style, #pg-168-1.panel-has-style > .panel-row-style, #pg-168-1 { -webkit-flex-direction:column;-ms-flex-direction:column;flex-direction:column } #pg-168-0 > .panel-grid-cell , #pg-168-0 > .panel-row-style > .panel-grid-cell , #pg-168-1 > .panel-grid-cell , #pg-168-1 > .panel-row-style > .panel-grid-cell { width:100%;margin-right:0 } #pgc-168-0-0 , #pgc-168-1-0 , #pgc-168-1-1 { margin-bottom:30px } #pl-168 .panel-grid-cell { padding:0 } #pl-168 .panel-grid .panel-grid-cell-empty { display:none } #pl-168 .panel-grid .panel-grid-cell-mobile-last { margin-bottom:0px }  } <\/style>\n","protected":false},"excerpt":{"rendered":"<p>&nbsp; COPU-2010-205 \u00a0 Objetivo General Formar profesionales competitivos, capaces de dise\u00f1ar, establecer, aplicar, controlar y evaluar sistemas de informaci\u00f3n financiera, &hellip; <\/p>\n","protected":false},"author":1,"featured_media":0,"parent":0,"menu_order":0,"comment_status":"closed","ping_status":"closed","template":"","meta":{"footnotes":""},"class_list":["post-168","page","type-page","status-publish","hentry"],"_links":{"self":[{"href":"https:\/\/www.itsco.edu.mx\/index.php?rest_route=\/wp\/v2\/pages\/168","targetHints":{"allow":["GET"]}}],"collection":[{"href":"https:\/\/www.itsco.edu.mx\/index.php?rest_route=\/wp\/v2\/pages"}],"about":[{"href":"https:\/\/www.itsco.edu.mx\/index.php?rest_route=\/wp\/v2\/types\/page"}],"author":[{"embeddable":true,"href":"https:\/\/www.itsco.edu.mx\/index.php?rest_route=\/wp\/v2\/users\/1"}],"replies":[{"embeddable":true,"href":"https:\/\/www.itsco.edu.mx\/index.php?rest_route=%2Fwp%2Fv2%2Fcomments&post=168"}],"version-history":[{"count":40,"href":"https:\/\/www.itsco.edu.mx\/index.php?rest_route=\/wp\/v2\/pages\/168\/revisions"}],"predecessor-version":[{"id":4695,"href":"https:\/\/www.itsco.edu.mx\/index.php?rest_route=\/wp\/v2\/pages\/168\/revisions\/4695"}],"wp:attachment":[{"href":"https:\/\/www.itsco.edu.mx\/index.php?rest_route=%2Fwp%2Fv2%2Fmedia&parent=168"}],"curies":[{"name":"wp","href":"https:\/\/api.w.org\/{rel}","templated":true}]}}