{"id":3147,"date":"2021-04-01T01:19:09","date_gmt":"2021-04-01T01:19:09","guid":{"rendered":"https:\/\/www.itsco.edu.mx\/?page_id=3147"},"modified":"2021-04-01T01:21:26","modified_gmt":"2021-04-01T01:21:26","slug":"fraccion-xxvii-lg-las-concesiones-contratos-convenios-permisos-licencias-o-autorizaciones-otorgados-especificando-los-titulares-de-aquellos-debiendo-publicarse-su-objeto-nombre-o-razon-social","status":"publish","type":"page","link":"https:\/\/www.itsco.edu.mx\/?page_id=3147","title":{"rendered":"Fraccion XXVII LG. Las concesiones, contratos, convenios, permisos, licencias o autorizaciones otorgados, especificando los titulares de aqu\u00e9llos, debiendo publicarse su objeto, nombre o raz\u00f3n social del titular, vigencia, tipo, t\u00e9rminos, condiciones, monto y modificaciones, as\u00ed como si el procedimiento involucra el aprovechamiento de bienes, servicios y\/o recursos p\u00fablicos."},"content":{"rendered":"\n<figure class=\"wp-block-table is-style-regular\"><table><tbody><tr><td>Area Generadora de Informacion<\/td><td>Titulo del Documento<\/td><td>Fecha de Actualizacion<\/td><td>Link<\/td><\/tr><tr><td>Area Administrativa<\/td><td>Leyes y Reglamentos<\/td><td>29\/03\/2021<\/td><td><a href=\"https:\/\/www.itsco.edu.mx\/wp-content\/uploads\/2021\/04\/LTAIPV27.xlsx\"><strong>Archivo<\/strong><\/a><\/td><\/tr><tr><td><\/td><td><\/td><td><\/td><td><\/td><\/tr><\/tbody><\/table><\/figure>\n","protected":false},"excerpt":{"rendered":"<p>Area Generadora de Informacion Titulo del Documento Fecha de Actualizacion Link Area Administrativa Leyes y Reglamentos 29\/03\/2021 Archivo<\/p>\n","protected":false},"author":1,"featured_media":0,"parent":0,"menu_order":0,"comment_status":"closed","ping_status":"closed","template":"","meta":{"footnotes":""},"class_list":["post-3147","page","type-page","status-publish","hentry"],"_links":{"self":[{"href":"https:\/\/www.itsco.edu.mx\/index.php?rest_route=\/wp\/v2\/pages\/3147","targetHints":{"allow":["GET"]}}],"collection":[{"href":"https:\/\/www.itsco.edu.mx\/index.php?rest_route=\/wp\/v2\/pages"}],"about":[{"href":"https:\/\/www.itsco.edu.mx\/index.php?rest_route=\/wp\/v2\/types\/page"}],"author":[{"embeddable":true,"href":"https:\/\/www.itsco.edu.mx\/index.php?rest_route=\/wp\/v2\/users\/1"}],"replies":[{"embeddable":true,"href":"https:\/\/www.itsco.edu.mx\/index.php?rest_route=%2Fwp%2Fv2%2Fcomments&post=3147"}],"version-history":[{"count":3,"href":"https:\/\/www.itsco.edu.mx\/index.php?rest_route=\/wp\/v2\/pages\/3147\/revisions"}],"predecessor-version":[{"id":3152,"href":"https:\/\/www.itsco.edu.mx\/index.php?rest_route=\/wp\/v2\/pages\/3147\/revisions\/3152"}],"wp:attachment":[{"href":"https:\/\/www.itsco.edu.mx\/index.php?rest_route=%2Fwp%2Fv2%2Fmedia&parent=3147"}],"curies":[{"name":"wp","href":"https:\/\/api.w.org\/{rel}","templated":true}]}}